{"id":21,"date":"2023-02-17T12:54:01","date_gmt":"2023-02-17T11:54:01","guid":{"rendered":"http:\/\/prepages.de\/?page_id=21"},"modified":"2025-07-29T14:02:45","modified_gmt":"2025-07-29T12:02:45","slug":"impressum","status":"publish","type":"page","link":"https:\/\/moderncom-systems.com\/?page_id=21","title":{"rendered":"Impressum"},"content":{"rendered":"<h1><span style=\"color: #000000;\">Impressum<\/span><\/h1>\n<p><span style=\"color: #000000;\">ModernCom Systems GmbH &amp; Co. KG<br \/>\nLinus-Pauling-Str. 2<\/span><br \/>\n<span style=\"color: #000000;\">63762 Gro\u00dfostheim<\/span><\/p>\n<h5><span style=\"color: #000000;\">Vertreten durch:<\/span><\/h5>\n<p><span style=\"color: #000000;\">Gesch\u00e4ftsf\u00fchrer Herr Carsten Tille<\/span><br \/>\n<span style=\"color: #000000;\">Prokurist Herr Burkhard H\u00f6flich<\/span><\/p>\n<h5><span style=\"color: #000000;\">Kontakt:<\/span><\/h5>\n<p><span style=\"color: #000000;\">Telefon: +49 (6026) 9703-0<\/span><br \/>\n<span style=\"color: #000000;\">E-Mail: info@moderncom-systems.com<\/span><\/p>\n<h5><span style=\"color: #000000;\">Registereintrag:<\/span><\/h5>\n<p><span style=\"color: #000000;\">Eintragung im Handelsregister.<\/span><br \/>\n<span style=\"color: #000000;\">Registergericht:Amtsgericht Aschaffenburg<\/span><br \/>\n<span style=\"color: #000000;\">Registernummer: HRA 5584<\/span><\/p>\n<p><span style=\"color: #000000;\">Umsatzsteuer-ID: DE 303506593<\/span><\/p>\n<h5><span style=\"color: #000000;\">Hosting und Realisierung<\/span><\/h5>\n<p><span style=\"color: #000000;\">Webserverbetreiber: <a style=\"color: #000000;\" href=\"https:\/\/www.alfahosting.de\" target=\"_blank\" rel=\"noopener\">Alfahosting GmbH<\/a><\/span><br \/>\n<span style=\"color: #000000;\">Realisierung durch <a style=\"color: #000000;\" href=\"https:\/\/www.itk-kraft.de\" target=\"_blank\" rel=\"noopener\">ITK Solutions Kraft, H\u00f6sbach<\/a><\/span><\/p>\n<h5><span style=\"color: #000000;\">Haftungsausschluss (Disclaimer)<\/span><\/h5>\n<p><span style=\"color: #000000;\">Haftung f\u00fcr Inhalte<\/span><br \/>\n<span style=\"color: #000000;\">Als Diensteanbieter sind wir gem\u00e4\u00df \u00a7 7 Abs.1 TMG f\u00fcr eigene Inhalte auf diesen Seiten nach den allgemeinen Gesetzen verantwortlich. Nach \u00a7\u00a7 8 bis 10 TMG sind wir als Diensteanbieter jedoch nicht verpflichtet, \u00fcbermittelte oder gespeicherte fremde Informationen zu \u00fcberwachen oder nach Umst\u00e4nden zu forschen, die auf eine rechtswidrige T\u00e4tigkeit hinweisen. Verpflichtungen zur Entfernung oder Sperrung der Nutzung von Informationen nach den allgemeinen Gesetzen bleiben hiervon unber\u00fchrt. Eine diesbez\u00fcgliche Haftung ist jedoch erst ab dem Zeitpunkt der Kenntnis einer konkreten Rechtsverletzung m\u00f6glich. Bei Bekanntwerden von entsprechenden Rechtsverletzungen werden wir diese Inhalte umgehend entfernen.<\/span><\/p>\n<p><span style=\"color: #000000;\">Haftung f\u00fcr Links<\/span><br \/>\n<span style=\"color: #000000;\">Unser Angebot enth\u00e4lt Links zu externen Webseiten Dritter, auf deren Inhalte wir keinen Einfluss haben. Deshalb k\u00f6nnen wir f\u00fcr diese fremden Inhalte auch keine Gew\u00e4hr \u00fcbernehmen. F\u00fcr die Inhalte der verlinkten Seiten ist stets der jeweilige Anbieter oder Betreiber der Seiten verantwortlich. Die verlinkten Seiten wurden zum Zeitpunkt der Verlinkung auf m\u00f6gliche Rechtsverst\u00f6\u00dfe \u00fcberpr\u00fcft. Rechtswidrige Inhalte waren zum Zeitpunkt der Verlinkung nicht erkennbar. Eine permanente inhaltliche Kontrolle der verlinkten Seiten ist jedoch ohne konkrete Anhaltspunkte einer Rechtsverletzung nicht zumutbar. Bei Bekanntwerden von Rechtsverletzungen werden wir derartige Links umgehend entfernen.<\/span><\/p>\n<p><span style=\"color: #000000;\">Urheberrecht<\/span><br \/>\n<span style=\"color: #000000;\">Die durch die Seitenbetreiber erstellten Inhalte und Werke auf diesen Seiten unterliegen dem deutschen Urheberrecht. Die Vervielf\u00e4ltigung, Bearbeitung, Verbreitung und jede Art der Verwertung au\u00dferhalb der Grenzen des Urheberrechtes bed\u00fcrfen der schriftlichen Zustimmung des jeweiligen Autors bzw. Erstellers. Downloads und Kopien dieser Seite sind nur f\u00fcr den privaten, nicht kommerziellen Gebrauch gestattet. Soweit die Inhalte auf dieser Seite nicht vom Betreiber erstellt wurden, werden die Urheberrechte Dritter beachtet. Insbesondere werden Inhalte Dritter als solche gekennzeichnet. Sollten Sie trotzdem auf eine Urheberrechtsverletzung aufmerksam werden, bitten wir um einen entsprechenden Hinweis. Bei Bekanntwerden von Rechtsverletzungen werden wir derartige Inhalte umgehend entfernen.<\/span><\/p>\n<h5><span style=\"color: #000000;\">Quellenangaben externes Bildmaterial<\/span><\/h5>\n<p><span style=\"color: #000000;\">Slideshow 1: Romolo Tavani#82706874\u2013 stock.adobe.com<\/span><br \/>\n<span style=\"color: #000000;\">Slideshow 2: Corona Borealis#399568701 \u2013 stock.adobe.com<\/span><br \/>\n<span style=\"color: #000000;\">Slideshow 3: vit_mar#362666166 \u2013 stock.adobe.com<\/span><br \/>\n<span style=\"color: #000000;\">M-Box der Miniarbeitsplatz: ZinetroN#322600403 \u2013 stock.adobe.com<\/span><br \/>\n<span style=\"color: #000000;\">Collaboration L\u00f6sungen: metamorworks#267894848 \u2013 stock.adobe.com<\/span><br \/>\n<span style=\"color: #000000;\">Hintergrund Jobs: \u0415\u043b\u0435\u043d\u0430 \u0411\u0443\u0442\u0443\u0441\u043e\u0432\u0430#354161622 \u2013 stock.adobe.com<\/span><br \/>\n<span style=\"color: #000000;\">Hintergrund Leistungen: \u0415\u043b\u0435\u043d\u0430 \u0411\u0443\u0442\u0443\u0441\u043e\u0432\u0430#385213642 \u2013 stock.adobe.com<\/span><br \/>\n<span style=\"color: #000000;\">IT-Server L\u00f6sungen: vegefox.com#68694968 \u2013 fotolia.com<\/span><br \/>\n<span style=\"color: #000000;\">\u00dcber uns: vegefox.com#61221151 \u2013 fotolia.com<\/span><br \/>\n<span style=\"color: #000000;\">Medien- Konferenzraumausstattung Bild im TV: imagoDens#445026628 \u2013 stock.adobe.com<br \/>\nBookings Logo Header: Microsoft.com<br \/>\n<\/span><\/p>\n<p><span style=\"color: #000000;\">Quelle:\u00a0<a style=\"color: #000000;\" href=\"https:\/\/www.e-recht24.de\/\">https:\/\/www.e-recht24.de<\/a><\/span><\/p>\n","protected":false},"excerpt":{"rendered":"<p>Impressum ModernCom Systems GmbH &amp; Co. KG Linus-Pauling-Str. 2 63762 Gro\u00dfostheim Vertreten durch: Gesch\u00e4ftsf\u00fchrer Herr Carsten Tille Prokurist Herr Burkhard H\u00f6flich Kontakt: Telefon: +49 (6026) 9703-0 E-Mail: info@moderncom-systems.com Registereintrag: Eintragung &#8230;<\/p>\n","protected":false},"author":1,"featured_media":0,"parent":0,"menu_order":0,"comment_status":"closed","ping_status":"closed","template":"","meta":{"footnotes":""},"class_list":["post-21","page","type-page","status-publish","hentry"],"jetpack_sharing_enabled":true,"_links":{"self":[{"href":"https:\/\/moderncom-systems.com\/index.php?rest_route=\/wp\/v2\/pages\/21","targetHints":{"allow":["GET"]}}],"collection":[{"href":"https:\/\/moderncom-systems.com\/index.php?rest_route=\/wp\/v2\/pages"}],"about":[{"href":"https:\/\/moderncom-systems.com\/index.php?rest_route=\/wp\/v2\/types\/page"}],"author":[{"embeddable":true,"href":"https:\/\/moderncom-systems.com\/index.php?rest_route=\/wp\/v2\/users\/1"}],"replies":[{"embeddable":true,"href":"https:\/\/moderncom-systems.com\/index.php?rest_route=%2Fwp%2Fv2%2Fcomments&post=21"}],"version-history":[{"count":5,"href":"https:\/\/moderncom-systems.com\/index.php?rest_route=\/wp\/v2\/pages\/21\/revisions"}],"predecessor-version":[{"id":540,"href":"https:\/\/moderncom-systems.com\/index.php?rest_route=\/wp\/v2\/pages\/21\/revisions\/540"}],"wp:attachment":[{"href":"https:\/\/moderncom-systems.com\/index.php?rest_route=%2Fwp%2Fv2%2Fmedia&parent=21"}],"curies":[{"name":"wp","href":"https:\/\/api.w.org\/{rel}","templated":true}]}}